37362450 and 450?
150
Calculate the highest common factor of 7989 and 2616.
3
What is the greatest common divisor of 45431255 and 411?
137
Calculate the highest common factor of 191555 and 8645.
455
What is the greatest common divisor of 9575183 and 19912?
2489
Calculate the highest common factor of 12955 and 21839539.
2591
Calculate the highest common divisor of 164452 and 1528.
4
Calculate the greatest common divisor of 2798 and 319539994.
2798
Calculate the highest common divisor of 83 and 234877716.
83
What is the highest common divisor of 14934480 and 270?
30
Calculate the greatest common divisor of 153190800 and 63.
63
Calculate the greatest common divisor of 5847 and 11317843.
1949
Calculate the highest common factor of 5 and 5042400.
5
What is the greatest common divisor of 1070 and 1583480?
10
Calculate the greatest common factor of 6374807 and 601.
601
What is the greatest common factor of 108224 and 35758?
38
Calculate the greatest common divisor of 2838615 and 741.
39
Calculate the highest common divisor of 33114989 and 791.
113
Calculate the highest common factor of 200658 and 1893.
1893
Calculate the greatest common divisor of 237446667 and 2601.
153
What is the highest common divisor of 75387325 and 325?
325
Calculate the highest common factor of 34704 and 18432.
144
What is the highest common factor of 575802 and 7803?
27
Calculate the greatest common divisor of 4466193 and 12.
3
What is the greatest common factor of 57625223 and 17?
17
Calculate the greatest common factor of 21016 and 438929668.
10508
Calculate the greatest common factor of 8 and 9914200.
8
What is the highest common factor of 2345944704 and 48?
48
What is the highest common factor of 92088096 and 831?
831
What is the greatest common factor of 55 and 102113?
11
What is the greatest common divisor of 2832 and 946848?
48
What is the highest common divisor of 372708 and 33698?
406
Calculate the greatest common factor of 18918536 and 553723.
1999
Calculate the highest common divisor of 117134 and 36.
2
Calculate the highest common factor of 48 and 21550392.
24
Calculate the greatest common divisor of 17434 and 5888.
46
Calculate the greatest common factor of 11932 and 399038.
38
What is the greatest common divisor of 420 and 268020?
60
Calculate the greatest common divisor of 763670 and 310.
10
What is the greatest common factor of 433775 and 81675?
25
Calculate the highest common factor of 517514 and 112251.
527
Calculate the highest common factor of 3759931 and 35.
7
What is the highest common factor of 4663674 and 1953?
9
What is the highest common divisor of 67001389 and 182?
91
Calculate the greatest common divisor of 700878 and 119599.
199
Calculate the greatest common factor of 76748 and 257740.
28
What is the greatest common divisor of 2382 and 42326949?
1191
What is the highest common factor of 14529250 and 1306?
1306
Calculate the highest common factor of 253 and 15939044.
11
What is the greatest common divisor of 16939 and 71487?
13
Calculate the greatest common factor of 2432 and 267596.
76
Calculate the highest common divisor of 1097173 and 14966.
7
Calculate the greatest common divisor of 3276 and 626028.
156
What is the highest common divisor of 53595417 and 158?
79
What is the highest common divisor of 230 and 599528810?
230
Calculate the greatest common divisor of 13722914 and 556.
278
What is the highest common divisor of 614107306 and 145?
29
Calculate the highest common divisor of 1373498 and 10.
2
What is the highest common factor of 126 and 40758?
6
Calculate the greatest common divisor of 178484256 and 288.
288
What is the highest common factor of 2730 and 1330602?
546
Calculate the highest common divisor of 105600790 and 110.
10
What is the highest common factor of 205276607 and 131?
131
What is the greatest common factor of 680746 and 58?
58
What is the highest common divisor of 261366 and 8148?
42
Calculate the highest common divisor of 240 and 367515.
15
What is the greatest common divisor of 5504 and 3533912?
344
What is the highest common factor of 22450735 and 50?
5
What is the highest common divisor of 7620 and 692460?
60
Calculate the greatest common divisor of 25254863 and 2826.
157
What is the greatest common factor of 464 and 543952?
16
Calculate the greatest common divisor of 55521957 and 192349.
8363
What is the highest common divisor of 3186514 and 42106?
74
What is the highest common divisor of 1417318 and 22512?
938
What is the highest common divisor of 30432073 and 34209?
1267
Calculate the greatest common factor of 520 and 309880.
40
Calculate the greatest common divisor of 97354959 and 24.
3
What is the greatest common factor of 540 and 2006775?
135
What is the greatest common divisor of 6960 and 21390?
30
Calculate the greatest common divisor of 20288 and 14721480.
2536
Calculate the greatest common factor of 128260 and 3545300.
2420
Calculate the highest common divisor of 910 and 96784285.
65
Calculate the highest common divisor of 2554 and 34634794.
2554
What is the greatest common factor of 498065 and 229310?
115
What is the highest common divisor of 187718 and 68573?
47
What is the greatest common factor of 100 and 3976625?
25
Calculate the greatest common factor of 2489120 and 10904.
376
Calculate the highest common divisor of 5104 and 6954519.
319
Calculate the highest common divisor of 2692 and 325732.
2692
What is the highest common divisor of 213153363 and 81?
81
What is the highest common divisor of 3104 and 132363872?
3104
What is the greatest common divisor of 7277 and 693613?
383
Calculate the highest common divisor of 3378343050 and 450.
450
Calculate the greatest common divisor of 17449920 and 146.
146
Calculate the highest common divisor of 3008 and 3426300.
188
Calculate the highest common factor of 1948 and 4113202.
974
What is the greatest common factor of 4206480 and 42568?
136
Calculate the highest common factor of 858 and 655986903.
429
Calculate the highest common factor of 668914 and 107996.
1102
What is the greatest common divisor of 2021005 and 76727?
791
Calculate the greatest common divisor of 58675 and 833675.
25
Calculate the greatest common divisor of 416364 and 2829684.
2652
What is the highest common divisor of 10369140 and 157920?
2820
What is the greatest common factor of 39094 and 63382?
22
Calculate the greatest common factor of 1283599 and 11272.
1409
Calculate the highest common factor of 726105222 and 162.
162
Calculate the greatest common factor of 5254479 and 4871639.
9571
What is the highest common divisor of 32628 and 167628?
12
Calculate the highest common factor of 146138443 and 3553.
3553
Calculate the highest common divisor of 3460 and 128644876.
692
Calculate the highest common factor of 13741 and 188037733.
1963
What is the greatest common factor of 532426 and 4059?
41
What is the greatest common factor of 34 and 1843463?
17
Calculate the highest common factor of 12424342 and 11543.
679
Calculate the highest common factor of 3494403438 and 6.
6
What is the highest common factor of 1257485 and 1880?
235
What is the highest common factor of 66691 and 15623?
17
What is the greatest common factor of 399911875 and 165?
55
What is the greatest common factor of 782919 and 57780?
2889
Calculate the highest common divisor of 44 and 2325763.
11
Calculate the highest common factor of 215262 and 4419.
9
Calculate the greatest common factor of 3183310 and 845.
65
What is the highest common factor of 16738551 and 1585?
317
Calculate the highest common divisor of 39 and 174640752.
39
Calculate the highest common factor of 2223388 and 2260.
452
What is the highest common divisor of 473472 and 270?
54
Calculate the highest common factor of 336 and 139146108.
12
What is the highest common factor of 3432 and 31342168?
1144
What is the greatest common factor of 904392 and 14946?
318
Calculate the greatest common factor of 1636 and 40408382.
818
Calculate the highest common divisor of 3375 and 3893805.
135
Calculate the highest common divisor of 2388754 and 74938.
842
What is the greatest common divisor of 1361515000 and 1000?
1000
Calculate the greatest common divisor of 6109547 and 664.
83
What is the greatest common divisor of 43625 and 118250?
125
Calculate the highest common divisor